{"id":6936,"date":"2025-05-09T14:08:38","date_gmt":"2025-05-09T12:08:38","guid":{"rendered":"https:\/\/obrzyce.eu\/?page_id=6936"},"modified":"2025-11-07T13:40:19","modified_gmt":"2025-11-07T12:40:19","slug":"formularz-sygnalisty","status":"publish","type":"page","link":"https:\/\/obrzyce.eu\/index.php\/formularz-sygnalisty\/","title":{"rendered":"FORMULARZ SYGNALISTY"},"content":{"rendered":"\n<p><a href=\"https:\/\/app.formularzsygnalisty.pl\/report\/1pbOYXTnSIHbyf50xKjLNN8Vza1mqpsmfsZ1GNeCliZMLAHKR\" target=\"_blank\" rel=\"noreferrer noopener\">Formularz Sygnalisty<\/a><\/p>\n\n\n\n<div class=\"wp-block-file\"><a id=\"wp-block-file--media-ac8bfe2b-06ef-4b63-b54d-a8db619f17c2\" href=\"https:\/\/obrzyce.eu\/wp-content\/uploads\/2025\/11\/Zgloszenia-wewnetrzne-zarzadzenie-nr-69_2024.pdf\">Zg\u0142oszenia wewn\u0119trzne &#8211; zarz\u0105dzenie nr 69_2024<\/a><a href=\"https:\/\/obrzyce.eu\/wp-content\/uploads\/2025\/11\/Zgloszenia-wewnetrzne-zarzadzenie-nr-69_2024.pdf\" class=\"wp-block-file__button wp-element-button\" download aria-describedby=\"wp-block-file--media-ac8bfe2b-06ef-4b63-b54d-a8db619f17c2\">Pobierz<\/a><\/div>\n\n\n\n<p><\/p>\n<div class=\"gsp_post_data\" data-post_type=\"page\" data-cat=\"\" data-modified=\"120\" data-title=\"FORMULARZ SYGNALISTY\" data-home=\"https:\/\/obrzyce.eu\"><\/div>","protected":false},"excerpt":{"rendered":"<p>Formularz Sygnalisty<\/p>\n","protected":false},"author":7,"featured_media":0,"parent":0,"menu_order":4,"comment_status":"closed","ping_status":"closed","template":"","meta":{"_eb_attr":"","inline_featured_image":false,"footnotes":""},"class_list":["post-6936","page","type-page","status-publish","hentry","clearfix"],"_links":{"self":[{"href":"https:\/\/obrzyce.eu\/index.php\/wp-json\/wp\/v2\/pages\/6936","targetHints":{"allow":["GET"]}}],"collection":[{"href":"https:\/\/obrzyce.eu\/index.php\/wp-json\/wp\/v2\/pages"}],"about":[{"href":"https:\/\/obrzyce.eu\/index.php\/wp-json\/wp\/v2\/types\/page"}],"author":[{"embeddable":true,"href":"https:\/\/obrzyce.eu\/index.php\/wp-json\/wp\/v2\/users\/7"}],"replies":[{"embeddable":true,"href":"https:\/\/obrzyce.eu\/index.php\/wp-json\/wp\/v2\/comments?post=6936"}],"version-history":[{"count":2,"href":"https:\/\/obrzyce.eu\/index.php\/wp-json\/wp\/v2\/pages\/6936\/revisions"}],"predecessor-version":[{"id":7988,"href":"https:\/\/obrzyce.eu\/index.php\/wp-json\/wp\/v2\/pages\/6936\/revisions\/7988"}],"wp:attachment":[{"href":"https:\/\/obrzyce.eu\/index.php\/wp-json\/wp\/v2\/media?parent=6936"}],"curies":[{"name":"wp","href":"https:\/\/api.w.org\/{rel}","templated":true}]}}