{"id":3124,"date":"2021-12-29T14:57:03","date_gmt":"2021-12-29T13:57:03","guid":{"rendered":"https:\/\/obrzyce.eu\/?page_id=3124"},"modified":"2021-12-30T10:07:05","modified_gmt":"2021-12-30T09:07:05","slug":"wazne-linki","status":"publish","type":"page","link":"https:\/\/obrzyce.eu\/index.php\/wazne-linki\/","title":{"rendered":"WA\u017bNE LINKI"},"content":{"rendered":"\n<p>Przydatne adresy stron internetowych zwi\u0105zanych ze s\u0142u\u017cb\u0105 zdrowia:<\/p>\n\n\n\n<div class=\"wp-block-columns alignfull has-text-color has-background is-layout-flex wp-container-core-columns-is-layout-9d6595d7 wp-block-columns-is-layout-flex\" style=\"background-color:#ffffff;color:#000000\">\n<div class=\"wp-block-column is-layout-flow wp-block-column-is-layout-flow\">\n<h3 class=\"wp-block-heading\" style=\"font-size:18px;line-height:1.3\"><a rel=\"noreferrer noopener\" href=\"http:\/\/www.mz.gov.pl\/\" target=\"_blank\">Ministerstwo <\/a><a href=\"http:\/\/www.mz.gov.pl\/\" target=\"_blank\" rel=\"noreferrer noopener\">Z<\/a><a rel=\"noreferrer noopener\" href=\"http:\/\/www.mz.gov.pl\/\" target=\"_blank\">drowia \u2197<\/a><\/h3>\n\n\n\n<p>Aktualno\u015bci, struktura ministerstwa, system opieki zdrowotnej, polityka zdrowotna pa\u0144stwa, leki i wyroby medyczne, kszta\u0142cenie, prawo&#8230;<\/p>\n<\/div>\n\n\n\n<div class=\"wp-block-column is-layout-flow wp-block-column-is-layout-flow\">\n<h3 class=\"wp-block-heading\" style=\"font-size:18px;line-height:1.3\"><a href=\"http:\/\/www.nfz.gov.pl\/\" target=\"_blank\" rel=\"noreferrer noopener\">Narodowy Fundusz Zdrowia \u2197<\/a><\/h3>\n\n\n\n<p>Aktualno\u015bci, informacje na temat struktury i funkcjonowania NFZ. Strona g\u0142\u00f3wna &#8211; Biuletyn Informacji Publicznej NFZ. Oddzia\u0142y NFZ &#8211; Nasze zdrowie w UE&#8230;<\/p>\n<\/div>\n\n\n\n<div class=\"wp-block-column is-layout-flow wp-block-column-is-layout-flow\">\n<h3 class=\"wp-block-heading\" style=\"font-size:18px;line-height:1.3\"><a rel=\"noreferrer noopener\" href=\"http:\/\/www.pzh.gov.pl\/\" target=\"_blank\">Pa\u0144stwowy Zak\u0142ad Higieny \u2197<\/a><\/h3>\n\n\n\n<p>Informacje o instytucie naukowo-badawczym, struktura, atesty materia\u0142\u00f3w i wyrob\u00f3w, biblioteka&#8230;<\/p>\n<\/div>\n<\/div>\n\n\n\n<div class=\"wp-block-columns alignfull has-text-color has-background is-layout-flex wp-container-core-columns-is-layout-9d6595d7 wp-block-columns-is-layout-flex\" style=\"background-color:#ffffff;color:#000000\">\n<div class=\"wp-block-column is-layout-flow wp-block-column-is-layout-flow\">\n<h3 class=\"wp-block-heading\" style=\"font-size:18px;line-height:1.3\"><a rel=\"noreferrer noopener\" href=\"http:\/\/www.zus.pl\/\" target=\"_blank\">Zak\u0142ad Ubezpiecze\u0144 Spo\u0142ecznych \u2197<\/a><\/h3>\n\n\n\n<p>Zawiera aktualno\u015bci, formularze, informacje o przetargach i oferty pracy w ZUS, zasi\u0119g terytorialny, adresy, telefony i godziny pracy plac\u00f3wek&#8230;<\/p>\n<\/div>\n\n\n\n<div class=\"wp-block-column is-layout-flow wp-block-column-is-layout-flow\">\n<h3 class=\"wp-block-heading\" style=\"font-size:18px;line-height:1.3\"><a rel=\"noreferrer noopener\" style=\"font-weight: bold;\" href=\"http:\/\/www.nfz.gov.pl\/\" target=\"_blank\">Instytut Psychiatrii i Neurologii<\/a><a rel=\"noreferrer noopener\" href=\"http:\/\/www.ipin.edu.pl\/\" target=\"_blank\"> \u2197<\/a><\/h3>\n\n\n\n<p>Dzia\u0142alno\u015b\u0107 naukowa, kliniki i zak\u0142ady, studia doktoranckie, biblioteka, wydawnictwa, komisja bioetyczna, aktualno\u015bci, oferta us\u0142ug medycznych, kursy podyplomowe, konsultanci, praca bie\u017c\u0105ce wydarzenia, druki, konferencje i szkolenia&#8230;<\/p>\n<\/div>\n\n\n\n<div class=\"wp-block-column is-layout-flow wp-block-column-is-layout-flow\">\n<h3 class=\"wp-block-heading\" style=\"font-size:18px;line-height:1.3\"><a href=\"http:\/\/www.nil.org.pl\/\" target=\"_blank\" rel=\"noreferrer noopener\">Naczelna Izba Lekarska \u2197<\/a><\/h3>\n\n\n\n<p>Naczelna Rada Lekarska, Naczelny Rzecznik Odpowiedzialno\u015bci Zawodowej, Naczelny S\u0105d Lekarski, Naczelna Komisja Rewizyjna, Okr\u0119gowe Izby Lekarskie&#8230;<\/p>\n<\/div>\n<\/div>\n\n\n\n<div class=\"wp-block-columns alignfull has-text-color has-background is-layout-flex wp-container-core-columns-is-layout-9d6595d7 wp-block-columns-is-layout-flex\" style=\"background-color:#ffffff;color:#000000\">\n<div class=\"wp-block-column is-layout-flow wp-block-column-is-layout-flow\">\n<h3 class=\"wp-block-heading\" style=\"font-size:18px;line-height:1.3\"><a rel=\"noreferrer noopener\" href=\"http:\/\/www.psychiatria.org.pl\/\" target=\"_blank\">Polskie Towarzystwo Psychiatryczne \u2197<\/a><\/h3>\n\n\n\n<p>Aktualno\u015bci i wydarzenia, informacje na temat Towarzystwa&#8230;<\/p>\n<\/div>\n\n\n\n<div class=\"wp-block-column is-layout-flow wp-block-column-is-layout-flow\">\n<h3 class=\"wp-block-heading\" style=\"font-size:18px;line-height:1.3\"><a rel=\"noreferrer noopener\" href=\"http:\/\/www.psychiatria.pl\/\" target=\"_blank\">Psychiatria online<\/a><a rel=\"noreferrer noopener\" href=\"http:\/\/www.ipin.edu.pl\/\" target=\"_blank\"> \u2197<\/a><\/h3>\n\n\n\n<p>psychiatria.pl &#8211; portal lekarzy &#8211; Medyczny serwis specjalistyczny. Medycyna dla lekarzy, technik\u00f3w, student\u00f3w medycyny oraz pacjent\u00f3w&#8230;<\/p>\n<\/div>\n\n\n\n<div class=\"wp-block-column is-layout-flow wp-block-column-is-layout-flow\">\n<h3 class=\"wp-block-heading\" style=\"font-size:18px;line-height:1.3\"><a href=\"http:\/\/www.psychiatria.com.pl\/\" target=\"_blank\" rel=\"noreferrer noopener\">Neurologia i psychiatria \u2197<\/a><\/h3>\n\n\n\n<p>Aktualno\u015bci i artyku\u0142y, specjalizacja i szkolenia, towarzystwa naukowe, czasopisma, atlasy, linki&#8230;<\/p>\n<\/div>\n<\/div>\n\n\n\n<div class=\"wp-block-columns alignfull has-text-color has-background is-layout-flex wp-container-core-columns-is-layout-9d6595d7 wp-block-columns-is-layout-flex\" style=\"background-color:#ffffff;color:#000000\">\n<div class=\"wp-block-column is-layout-flow wp-block-column-is-layout-flow\">\n<h3 class=\"wp-block-heading\" style=\"font-size:18px;line-height:1.3\"><a href=\"http:\/\/www.psychologia.edu.pl\/\" target=\"_blank\" rel=\"noreferrer noopener\">Instytut Psychologii Zdrowia \u2197<\/a><\/h3>\n\n\n\n<p>Szkolenia IPZ \u00b7 Studium Pomocy Psychologicznej \u00b7 Program Rozwoju Osobistego \u00b7 Studium Terapii Uzale\u017cnie\u0144 &#8230; Szko\u0142a Letnia IPZ \u00b7 Inne szkolenia&#8230;<\/p>\n<\/div>\n\n\n\n<div class=\"wp-block-column is-layout-flow wp-block-column-is-layout-flow\">\n<h3 class=\"wp-block-heading\" style=\"font-size:18px;line-height:1.3\"><a rel=\"noreferrer noopener\" href=\"http:\/\/www.afektywne.webpark.pl\/\" target=\"_blank\">Zaburzenia afektywn<\/a><a href=\"http:\/\/www.afektywne.webpark.pl\/\" target=\"_blank\" rel=\"noreferrer noopener\">e<\/a><a rel=\"noreferrer noopener\" href=\"http:\/\/www.ipin.edu.pl\/\" target=\"_blank\"> \u2197<\/a><\/h3>\n\n\n\n<p>Zaburzenia afektywne &#8211; czym s\u0105, jak si\u0119 objawiaj\u0105, jak leczy\u0107 depresje, zaburzenia dwubiegunowe, fobie, nerwic\u0119 natr\u0119ctw, leczenie&#8230;<\/p>\n<\/div>\n\n\n\n<div class=\"wp-block-column is-layout-flow wp-block-column-is-layout-flow\">\n<h3 class=\"wp-block-heading\" style=\"font-size:18px;line-height:1.3\"><a href=\"http:\/\/www.psychiatria.info.pl\/\" target=\"_blank\" rel=\"noreferrer noopener\">Depresja, schizofrenia, nerwica \u2197<\/a><\/h3>\n\n\n\n<p>Portal skierowany do wszystkich os\u00f3b zainteresowanych tematyk\u0105 tak\u0105 jak: depresja, nerwica, schizofrenia, zaburzenia nerwicowe i ot\u0119pienia&#8230;<\/p>\n<\/div>\n<\/div>\n<div class=\"gsp_post_data\" data-post_type=\"page\" data-cat=\"\" data-modified=\"120\" data-title=\"WA\u017bNE LINKI\" data-home=\"https:\/\/obrzyce.eu\"><\/div>","protected":false},"excerpt":{"rendered":"<p>Przydatne adresy stron internetowych zwi\u0105zanych ze s\u0142u\u017cb\u0105 zdrowia: Ministerstwo Zdrowia \u2197 Aktualno\u015bci, struktura ministerstwa, system opieki zdrowotnej, polityka zdrowotna pa\u0144stwa, leki i wyroby medyczne, kszta\u0142cenie, prawo&#8230; Narodowy Fundusz Zdrowia \u2197 Aktualno\u015bci, informacje na temat struktury i funkcjonowania NFZ. Strona g\u0142\u00f3wna &#8211; Biuletyn Informacji Publicznej NFZ. Oddzia\u0142y NFZ &#8211; Nasze zdrowie w UE&#8230; Pa\u0144stwowy Zak\u0142ad Higieny [&hellip;]<\/p>\n","protected":false},"author":1,"featured_media":0,"parent":0,"menu_order":52,"comment_status":"closed","ping_status":"closed","template":"","meta":{"_eb_attr":"","inline_featured_image":false,"footnotes":""},"class_list":["post-3124","page","type-page","status-publish","hentry","clearfix"],"_links":{"self":[{"href":"https:\/\/obrzyce.eu\/index.php\/wp-json\/wp\/v2\/pages\/3124","targetHints":{"allow":["GET"]}}],"collection":[{"href":"https:\/\/obrzyce.eu\/index.php\/wp-json\/wp\/v2\/pages"}],"about":[{"href":"https:\/\/obrzyce.eu\/index.php\/wp-json\/wp\/v2\/types\/page"}],"author":[{"embeddable":true,"href":"https:\/\/obrzyce.eu\/index.php\/wp-json\/wp\/v2\/users\/1"}],"replies":[{"embeddable":true,"href":"https:\/\/obrzyce.eu\/index.php\/wp-json\/wp\/v2\/comments?post=3124"}],"version-history":[{"count":6,"href":"https:\/\/obrzyce.eu\/index.php\/wp-json\/wp\/v2\/pages\/3124\/revisions"}],"predecessor-version":[{"id":3149,"href":"https:\/\/obrzyce.eu\/index.php\/wp-json\/wp\/v2\/pages\/3124\/revisions\/3149"}],"wp:attachment":[{"href":"https:\/\/obrzyce.eu\/index.php\/wp-json\/wp\/v2\/media?parent=3124"}],"curies":[{"name":"wp","href":"https:\/\/api.w.org\/{rel}","templated":true}]}}